Determine u(11).
44
Let j(w) = 8*w - 281. What is j(29)?
-49
Let j(r) = -r**2 - 66*r - 285. Determine j(-4).
-37
Let c(p) = -54*p - 402. Calculate c(-7).
-24
Let c(v) = v**2 + 337*v - 1713. Calculate c(5).
-3
Let v(i) = 10*i**3 + 92*i**2 - 81*i - 17. Determine v(-10).
-7
Let o(p) = -24*p**2 + 117*p + 16. What is o(5)?
1
Let v(a) = a**3 + 2*a**2 - 4*a - 75. Calculate v(0).
-75
Let z(p) = -6*p**3 + 3*p**2 + 2*p + 2. Give z(3).
-127
Let w(b) = -b**2 - 68*b - 551. Determine w(-10).
29
Let p(m) = -2*m**2 - 950*m + 14702. What is p(15)?
2
Let g(c) = -57*c**2 - 1086*c - 45. What is g(-19)?
12
Let s(f) = -f**3 - 24*f**2 + 52*f - 37. What is s(-26)?
-37
Let q(s) = -131*s - 8975. Determine q(-69).
64
Let n(x) = 6547*x + 157130. What is n(-24)?
2
Let y(v) = -v**3 - 71*v**2 - 389*v - 36. Calculate y(-6).
-42
Let q(g) = -2*g**3 - 2*g**2 - g - 3. Calculate q(-2).
7
Let g(x) = 5*x**2 + 14*x + 11. What is g(-10)?
371
Let o(a) = -14*a**2 - 170*a - 19. What is o(-12)?
5
Let j(k) = -k**3 + 7*k**2 + 56*k - 376. Determine j(8).
8
Let u(v) = -20*v**2 - 413*v + 143. Give u(-21).
-4
Let v(t) = -15*t - 1252. Calculate v(-78).
-82
Let t(i) = -i**3 + 5*i**2 - 2*i + 19. Give t(5).
9
Let v(q) = 27*q + 2143. Give v(-80).
-17
Let f(n) = -n**2 - 27*n - 112. Calculate f(-4).
-20
Let r(z) = 2*z**3 - 4*z**2 + 3*z - 48. Give r(5).
117
Let v(i) = 5*i**2 + 7*i - 182. Give v(10).
388
Let s(h) = 134*h + 7876. Calculate s(-59).
-30
Let p(w) = 3*w**2 - 28*w + 23. Determine p(9).
14
Let v(n) = -23671*n - 284049. What is v(-12)?
3
Let y(b) = b**3 - 2*b**2 - 83*b + 43. What is y(10)?
13
Let p(b) = 165*b + 979. What is p(-6)?
-11
Let m(q) = -q**2 + 119*q - 2141. What is m(22)?
-7
Let p(g) = g**3 + 10*g**2 - 36*g + 7. Give p(3).
16
Let u(c) = c**3 + 2*c**2 + 34*c + 8. Give u(0).
8
Let d(z) = -z**3 + 11*z**2 + 79*z - 677. Calculate d(13).
12
Let g(n) = 130*n**2 + n + 7. What is g(0)?
7
Let b(l) = -l**3 + 29*l**2 + 48*l - 552. Calculate b(30).
-12
Let f(y) = 60*y**2 - 241*y - 59. Give f(5).
236
Let u(o) = -3*o**2 + 119*o + 1073. What is u(47)?
39
Let y(m) = m**2 + m - 59. Give y(-8).
-3
Let b(h) = -21*h + 19. Calculate b(0).
19
Let z(t) = 37*t + 394. Determine z(-10).
24
Let a(s) = 101*s**2 + 92*s - 16. Calculate a(2).
572
Let j(u) = -219*u - 7876. Calculate j(-36).
8
Let j(n) = -27*n + 1728. Calculate j(64).
0
Let b(m) = -m**2 + 20*m + 327. Calculate b(33).
-102
Let b(k) = 2*k**3 - 56*k**2 + 54*k + 8. Give b(27).
8
Let h(i) = -6244*i + 6220. Calculate h(1).
-24
Let c(q) = 4*q**2 - 34*q. What is c(12)?
168
Let s(y) = -y**3 + 64*y**2 + 6*y - 389. Determine s(64).
-5
Let k(j) = 6*j**2 - 11*j - 114. What is k(-5)?
91
Let z(g) = 55*g + 2088. Determine z(-38).
-2
Let j(k) = k**3 + 8*k**2 - 341*k - 2731. Determine j(-8).
-3
Let g(w) = 5*w**3 - 385*w**2 - w + 43. What is g(77)?
-34
Let r(t) = 244*t**3 + t**2 + 6*t + 4. Calculate r(-1).
-245
Let o(z) = -2*z**3 - 5*z**2 - 15*z + 10. What is o(6)?
-692
Let i(c) = -c**3 + c**2 - 109*c - 751. What is i(-7)?
404
Let z(p) = 562*p - 5614. What is z(10)?
6
Let y(i) = 2*i**3 - 3*i**2 - 279*i + 25. Give y(-11).
69
Let b(i) = 8*i - 104. Calculate b(10).
-24
Let g(t) = -5*t**3 + 4*t**2 - 12*t - 21. Give g(-2).
59
Let s(b) = -3*b**3 - 3*b**2 + 11*b - 18. Calculate s(2).
-32
Let z(l) = l**3 - 8*l**2 - 27*l + 236. Give z(8).
20
Let p(j) = -12*j + 399. Give p(33).
3
Let n(v) = -7*v - 414. Determine n(-34).
-176
Let r(p) = p**3 + 15*p**2 + 39*p - 74. Determine r(-11).
-19
Let g(u) = 1349*u**3 + 4*u**2 + 7*u + 5. Determine g(-1).
-1347
Let u(y) = -y**3 + 31*y**2 - 243*y + 7536. What is u(31)?
3
Let j(q) = q**2 + 408*q - 1635. What is j(4)?
13
Let f(w) = w**3 + 5*w**2 - 10*w - 77. What is f(-6)?
-53
Let b(v) = 7*v**2 + 20*v - 53. What is b(-4)?
-21
Let h(u) = -u**3 - 90*u**2 - 261*u + 23. Determine h(-87).
23
Let x(b) = b**2 + 40*b + 320. Determine x(-12).
-16
Let p(h) = 3*h**3 + 90*h**2 - 299*h - 59. Calculate p(-33).
7
Let i(n) = 2*n**3 - n**2 + 2*n + 321. Determine i(0).
321
Let q(l) = -191*l + 2489. Determine q(13).
6
Let w(d) = -d**2 - 43*d - 430. Calculate w(-26).
12
Let y(o) = -o**3 + 437*o**2 - 425*o - 4801. Calculate y(436).
-5
Let m(f) = -24*f**2 + 26*f + 26. Determine m(-4).
-462
Let f(s) = 2*s**2 + 53*s - 1415. Determine f(-43).
4
Let h(k) = 53*k + 1427. Determine h(-12).
791
Let h(w) = -100*w - 158. Calculate h(-2).
42
Let x(f) = -f**3 + 27*f**2 + 3*f - 33. Give x(27).
48
Let b(t) = 19*t + 24. Give b(-1).
5
Let n(c) = -3*c**2 + 38*c - 83. Determine n(6).
37
Let y(o) = -o**3 - 140*o**2 - 278*o - 256. Determine y(-138).
20
Let k(x) = -x**3 + 2*x**2 + 18*x - 56. Give k(4).
-16
Let z(v) = -45*v**2 + 2879*v + 69. What is z(64)?
5
Let t(s) = -s**2 - 4*s + 4. Determine t(-5).
-1
Let k(z) = -2*z**3 + 56*z**2 - 50*z + 26. Give k(27).
134
Let v(d) = -351*d + 7045. Determine v(20).
25
Let j(s) = -s**3 + 53*s**2 - s + 40. Give j(53).
-13
Let j(y) = -y**3 - 47*y**2 + 185*y + 1752. Give j(-50).
2
Let i(g) = -g**2 + 2*g - 114. Calculate i(0).
-114
Let x(q) = -q**2 - 365*q + 12280. What is x(31)?
4
Let j(s) = 165*s**2 + 28*s + 1. What is j(-1)?
138
Let p(m) = -m**3 + m**2 + 18*m - 124. What is p(5)?
-134
Let p(n) = -n**3 - 5*n**2 + 46*n + 96. Give p(-9).
6
Let u(v) = -902*v - 5422. Give u(-6).
-10
Let k(y) = -5*y**2 + 16*y - 16. What is k(5)?
-61
Let k(t) = 4*t**2 - 38*t - 84. Determine k(-2).
8
Let q(p) = -p**2 - 3*p. Calculate q(2).
-10
Let h(s) = 221*s**2 + 5083*s + 2. Determine h(-23).
2
Let v(d) = -3*d**2 - 71*d + 2898. Determine v(-45).
18
Let r(g) = g**3 - 28*g**2 + 3*g - 110. What is r(28)?
-26
Let n(k) = 20*k - 736. Determine n(40).
64
Let n(y) = 90*y - 793. Give n(9).
17
Let z(s) = -s**3 + 16*s**2 + 62*s - 56. What is z(19)?
39
Let w(l) = -l**2 + 25*l - 164. Calculate w(10).
-14
Let s(j) = 13*j**3 + 18*j**2 - 40*j + 3. Give s(2).
99
Let m(i) = -155*i + 25. What is m(-1)?
180
Let n(x) = x**3 - 55*x**2 + 60*x - 298. Determine n(54).
26
Let n(l) = -3464*l + 24243. Give n(7).
-5
Let i(c) = 113*c + 9773. Determine i(-86).
55
Let t(p) = 69632*p + 417788. What is t(-6)?
-4
Let q(l) = -l**3 + 11*l**2 - 35*l + 160. What is q(9)?
7
Let c(w) = 4*w**2 + 139*w + 237. What is c(-33)?
6
Let v(s) = -28*s - 104. Calculate v(-7).
92
Let z(g) = g**3 + 9*g**2 + 37*g + 56. Determine z(-3).
-1
Let k(x) = x**2 - 49*x - 235. Calculate k(53).
-23
Let b(u) = 100*u - 1046. Give b(18).
754
Let z(h) = -h**3 - 22*h**2 - 17*h - 55. Calculate z(-21).
-139
Let s(f) = -2*f**2 - 76*f - 743. Give s(-24).
-71
Let m(z) = 28*z**2 + 158*z - 134. Calculate m(-7).
132
Let q(s) = 14*s**2 - 282*s + 837. Determine q(3).
117
Let d(q) = 172*q + 5803. Give d(-33).
127
Let r(n) = n**3 - 5*n**2 - 43*n + 56. Determine r(9).
-7
Let x(h) = 10*h**3 - 3*h**2 + 29*h - 54. What is x(2)?
72
Let j(l) = -l**2 + 15*l - 5. Give j(21).
-131
Let h(y) = 4022*y + 4020. Determine h(-1).
-2
Let a(g) = -2*g**3 - 20*g**2 - 37*g + 35. What is a(-6)?
-31
Let k(d) = -42*d + 62. What is k(15)?
-568
Let y(n) = -2*n**2 - 7*n + 353. Determine y(-15).
8
Let v(i) = i**3 - 36*i**2 + 32*i + 145. Calculate v(35).
40
Let i(g) = -18*g - 307. Give i(-17).
-1
Let m(v) = 9*v**3 - 134*v**2 - 15*v + 93. Determine m(15).
93
Let n(v) = -1650*v + 13196. What is n(8)?
-4
Let r(g) = g**3 - 10*g**2 + 31*g - 195. What is r(9)?
3
Let a(k) = 8*k**2 - 1103*k + 5177. Determine a(133).
-10
Let c(r) = -15*r**2 + 1244*r + 78. Give c(83).
-5
Let w(n) = -23*n**3 - 11*n**2 - 25*n + 10. Determine w(-3).
607
Let r(y) = -y**2 + 15*y + 113. Give r(18).
59
Let f(j) = 2*j**2 + 7*j - 12. Calculate f(-7).
37
Let t(d) = -d**3 - 4*d**2 - 2*d + 19. What is t(-3)?
16
Let z(d) = 1412*d + 1413. What is z(-1)?
1
Let w(m) = -11*m + 15. What is w(-2)?
37
Let n(o) = 9*o**2 - 88*o + 189. Determine n(7).
14
Let g(o) = o**2 - 4*o - 153. What is g(-9)?
-36
Let p(c) = -c**2 + 10*c + 368. Give p(27).
-91
Let i(x) = 33*x - 204. What is i(7)?
27
Let j(u) = u**2 - 21*u + 78. What is j(-7)?
274
Let g(f) = -2*f**2 - 76*f + 99. Determine g(-39).
21
Let w(g) = g**3 - 8*g**2 + 177*g - 1429. What is w(8)?
-13
Let x(o) = -o**3 - 17*o**2 + 142*o + 73. Give x(-23).
-19
Let p(z) = 8680*z + 95502. Give p(-11).
22
Let g(i) = -i**3 + 40*i**2 - 174*i + 1059. What is g(36)?
-21
Let a(q) = 2*q**3 - 91*q**2 - 921*q + 161. Calculate a(54).
-1
Let l(k) = -k**3 - 3*k**2 + 12*k + 47. Determine l(-5).
37
Let